{"id":4357,"date":"2022-11-11T11:30:38","date_gmt":"2022-11-11T11:30:38","guid":{"rendered":"https:\/\/fthm.uniri.hr\/djelatnici\/ana-cuic-tankovic\/"},"modified":"2026-03-19T11:15:08","modified_gmt":"2026-03-19T10:15:08","slug":"ana-cuic-tankovic","status":"publish","type":"djelatnici","link":"https:\/\/fthm.uniri.hr\/en\/djelatnici\/ana-cuic-tankovic\/","title":{"rendered":"Ana \u010cui\u0107 Tankovi\u0107"},"template":"","class_list":["post-4357","djelatnici","type-djelatnici","status-publish","hentry","radno-mjesto-izvanredna-profesorica","titula-dr-sc"],"acf":[],"_links":{"self":[{"href":"https:\/\/fthm.uniri.hr\/en\/wp-json\/wp\/v2\/djelatnici\/4357","targetHints":{"allow":["GET"]}}],"collection":[{"href":"https:\/\/fthm.uniri.hr\/en\/wp-json\/wp\/v2\/djelatnici"}],"about":[{"href":"https:\/\/fthm.uniri.hr\/en\/wp-json\/wp\/v2\/types\/djelatnici"}],"wp:attachment":[{"href":"https:\/\/fthm.uniri.hr\/en\/wp-json\/wp\/v2\/media?parent=4357"}],"curies":[{"name":"wp","href":"https:\/\/api.w.org\/{rel}","templated":true}]}}

Ana Čuić Tanković
